ctors of 211989?
3, 70663
List the prime factors of 1112442.
2, 3, 37, 5011
List the prime factors of 1289134.
2, 7, 11, 761
What are the prime factors of 139326?
2, 3, 11, 2111
List the prime factors of 925705.
5, 11, 16831
What are the prime factors of 1282417?
1282417
What are the prime factors of 14272258?
2, 7, 11, 13, 7129
What are the prime factors of 133026?
2, 3, 22171
What are the prime factors of 117928?
2, 14741
List the prime factors of 761949.
3, 31, 2731
What are the prime factors of 206857?
7, 29, 1019
What are the prime factors of 17683233?
3, 47, 83, 1511
What are the prime factors of 2215593?
3, 17, 1609
List the prime factors of 1123254.
2, 3, 11, 31, 61
List the prime factors of 2663151.
3, 887717
List the prime factors of 8487892.
2, 7, 303139
List the prime factors of 437790.
2, 3, 5, 14593
What are the prime factors of 10099154?
2, 13, 163, 2383
What are the prime factors of 39849?
3, 37, 359
List the prime factors of 990808.
2, 7, 13, 1361
List the prime factors of 305502.
2, 3, 59, 863
What are the prime factors of 7889870?
2, 5, 17, 46411
What are the prime factors of 263166?
2, 3, 23, 1907
List the prime factors of 2550996.
2, 3, 7, 53, 191
What are the prime factors of 494906?
2, 353, 701
List the prime factors of 1144794.
2, 3, 7, 97, 281
List the prime factors of 8884905.
3, 5, 41, 14447
What are the prime factors of 572103?
3, 7, 1009
What are the prime factors of 1848395?
5, 23, 16073
List the prime factors of 4503276.
2, 3, 41, 113
What are the prime factors of 29755?
5, 11, 541
List the prime factors of 95059.
23, 4133
What are the prime factors of 1610449?
83, 19403
List the prime factors of 36065.
5, 7213
List the prime factors of 1280942.
2, 13, 19, 2593
What are the prime factors of 3339780?
2, 3, 5, 55663
What are the prime factors of 256189?
256189
What are the prime factors of 2917750?
2, 5, 11, 1061
What are the prime factors of 190840?
2, 5, 13, 367
What are the prime factors of 19207126?
2, 137, 70099
List the prime factors of 9921248.
2, 29, 10691
List the prime factors of 10659259.
13, 819943
What are the prime factors of 197489?
17, 11617
What are the prime factors of 9341874?
2, 3, 17, 30529
What are the prime factors of 343915?
5, 11, 13, 37
What are the prime factors of 10304?
2, 7, 23
What are the prime factors of 5660010?
2, 3, 5, 20963
List the prime factors of 14821.
14821
What are the prime factors of 1296444?
2, 3, 108037
What are the prime factors of 200649?
3, 66883
List the prime factors of 1647665.
5, 329533
What are the prime factors of 6329727?
3, 277, 2539
List the prime factors of 7559268.
2, 3, 629939
What are the prime factors of 48927?
3, 47, 347
What are the prime factors of 461747?
11, 13, 3229
List the prime factors of 49660.
2, 5, 13, 191
What are the prime factors of 6535467?
3, 726163
What are the prime factors of 91631?
91631
List the prime factors of 2022962.
2, 577, 1753
List the prime factors of 222144.
2, 3, 13, 89
What are the prime factors of 255041?
37, 61, 113
List the prime factors of 503286.
2, 3, 7, 23, 521
List the prime factors of 8379564.
2, 3, 698297
What are the prime factors of 1637760?
2, 3, 5, 853
What are the prime factors of 1204124?
2, 67, 4493
List the prime factors of 307855.
5, 23, 2677
List the prime factors of 512737.
17, 30161
What are the prime factors of 707134?
2, 353567
What are the prime factors of 70267?
29, 2423
List the prime factors of 5917382.
2, 179, 16529
List the prime factors of 759186.
2, 3, 17, 827
List the prime factors of 1207504.
2, 163, 463
What are the prime factors of 12946829?
7, 264221
What are the prime factors of 137868?
2, 3, 11489
List the prime factors of 963008.
2, 41, 367
List the prime factors of 1382353.
7, 197479
What are the prime factors of 126824?
2, 83, 191
What are the prime factors of 3769192?
2, 7, 67307
What are the prime factors of 338500?
2, 5, 677
What are the prime factors of 25685750?
2, 5, 127, 809
What are the prime factors of 645979?
645979
What are the prime factors of 863302?
2, 11, 39241
What are the prime factors of 3847844?
2, 7, 11, 13, 31
List the prime factors of 312460.
2, 5, 17, 919
List the prime factors of 470532.
2, 3, 113, 347
List the prime factors of 26728855.
5, 5345771
What are the prime factors of 6312714?
2, 3, 1052119
List the prime factors of 98665.
5, 7, 2819
What are the prime factors of 2462302?
2, 743, 1657
What are the prime factors of 9398957?
9398957
What are the prime factors of 147027?
3, 49009
List the prime factors of 310566.
2, 3, 191, 271
List the prime factors of 31465723.
43, 731761
List the prime factors of 1281138.
2, 3, 213523
What are the prime factors of 16493784?
2, 3, 829
What are the prime factors of 5065521?
3, 179, 9433
List the prime factors of 37411.
11, 19, 179
What are the prime factors of 342573?
3, 7, 11, 1483
List the prime factors of 8790047.
7, 1255721
What are the prime factors of 11354551?
13, 873427
What are the prime factors of 293399?
293399
List the prime factors of 245035.
5, 7, 7001
What are the prime factors of 1633720?
2, 5, 11, 47, 79
What are the prime factors of 11987815?
5, 7, 37, 9257
List the prime factors of 256431.
3, 7, 12211
List the prime factors of 734105.
5, 41, 3581
What are the prime factors of 3459445?
5, 11, 31, 2029
What are the prime factors of 1227635?
5, 245527
List the prime factors of 498764.
2, 7, 47, 379
What are the prime factors of 4261798?
2, 17, 163, 769
What are the prime factors of 294312?
2, 3, 12263
List the prime factors of 6575524.
2, 1643881
List the prime factors of 10715371.
127, 139, 607
List the prime factors of 129030.
2, 3, 5, 11, 17, 23
What are the prime factors of 241972?
2, 60493
What are the prime factors of 2962716?
2, 3, 149, 1657
List the prime factors of 68838.
2, 3, 7, 11, 149
List the prime factors of 343767.
3, 19, 37, 163
List the prime factors of 73082.
2, 36541
What are the prime factors of 7370947?
1087, 6781
What are the prime factors of 6042863?
1123, 5381
What are the prime factors of 458341?
13, 35257
What are the prime factors of 59571?
3, 6619
What are the prime factors of 2829123?
3, 11, 17, 41
What are the prime factors of 285487?
67, 4261
List the prime factors of 7355802.
2, 3, 241, 5087
What are the prime factors of 229774?
2, 131, 877
What are the prime factors of 6211248?
2, 3, 129401
What are the prime factors of 444644?
2, 89, 1249
What are the prime factors of 660706?
2, 19, 17387
What are the prime factors of 1923302?
2, 31, 67, 463
What are the prime factors of 708864?
2, 3, 13, 71
What are the prime factors of 188679?
3, 109, 577
List the prime factors of 13518212.
2, 491, 6883
List the prime factors of 775081.
17, 127, 359
List the prime factors of 8337001.
47, 177383
List the prime factors of 24562494.
2, 3, 11, 41351
List the prime factors of 122282.
2, 61141
List the prime factors of 173791.
17, 10223
What are the prime factors of 52117?
13, 19, 211
List the prime factors of 483787.
483787
What are the prime factors of 18944844?
2, 3, 31, 127, 401
List the prime factors of 3173930.
2, 5, 503, 631
What are the prime factors of 369568?
2, 11549
What are the prime factors of 4241406?
2, 3, 13, 54377
List the prime factors of 18991.
7, 2713
List the prime factors of 12890319.
3, 13, 37, 8933
List the prime factors of 330313.
330313
List the prime factors of 206505.
3, 5, 13, 353
What are the prime factors of 3781132?
2, 31, 30493
List the prime factors of 7372776.
2, 3, 97, 3167
What are the prime factors of 13465763?
53, 254071
What are the prime factors of 13289089?
11, 769, 1571
List the prime factors of 473223.
3, 233, 677
List the prime factors of 38575.
5, 1543
What are the prime factors of 4023523?
7, 574789
What are the prime factors of 80252?
2, 20063
What are the prime factors of 863850?
2, 3, 5, 13, 443
What are the prime factors of 1087135?
5, 7, 89, 349
What are the prime factors of 395069?
395069
List the prime factors of 17958131.
107, 157, 1069
List the prime factors of 20034434.
2, 7, 89, 2297
What are the prime factors of 1190305?
5, 29, 8209
List the prime factors of 1456266.
2, 3, 7, 34673
What are the prime factors of 6455881?
6455881
What are the prime factors of 524084?
2, 11, 43, 277
What are the prime factors of 118024?
2, 